
Suppose -3*g + 12 = -42. Suppose -3*t + v - 6*v + 22 = 0, 3*v = -3*t + 24. What is the highest common factor of t and g?
9
Let d(y) = 3*y**2 + 1 + 2*y - 4*y**3 - 4*y**3 - 4*y**3. Let s be d(-2). Calculate the highest common divisor of 15 and s.
15
Let f(b) = -b**3 - 12*b**2 - 15*b - 24. Let p be f(-11). What is the highest common factor of p and 180?
20
Let m = 8 - 10. Let c be (m/(-5))/((-1)/(-5)). Suppose 5*b + 225 = -2*g + 5*g, 149 = c*g - 3*b. Calculate the greatest common factor of g and 10.
10
Suppose 0 = w - 1, -3*m - 4*w + 10 = -0*m. Let n(d) = -d + 12. Let q be n(9). Suppose 660 = m*b + q*b. Calculate the highest common divisor of 12 and b.
12
Suppose c + 9 = 5*i, 0 = -i - i + 3*c + 14. Suppose -2*a + 11 = -i. What is the highest common factor of a and 30?
6
Let r = 77 - 65. What is the greatest common factor of 24 and r?
12
Suppose 0 = u - 5 - 1. Suppose u*z - z = 0. Suppose 0 = m + 3*i - 1, -m - 4*i + z - 1 = 0. Calculate the highest common divisor of 7 and m.
7
Suppose 0*u - 16 = -2*u. Let y(i) = 2*i**3 - i - 4*i**3 - 1 + 3*i**3 + 5. Let j be y(4). What is the highest common factor of j and u?
8
Let w(z) = -z**3 + 8*z**2 - 7*z + 2. Let j be w(7). Suppose 25 = 5*f, -j*m - 3*f = -18 + 3. Let o = m - -1. Calculate the highest common factor of 7 and o.
1
Suppose 40 = 5*p + 10. What is the greatest common factor of p and 18?
6
Suppose -8*i + 10 = -6*i. Suppose -b + i*b = 28. Calculate the highest common factor of 35 and b.
7
Let x = -67 + 83. Calculate the greatest common divisor of 8 and x.
8
Suppose n = 2, l - 3*n = -2*l. Suppose h + l = -3. Let j(q) = -q**2 - 7*q - 1. Let w be j(h). What is the greatest common divisor of w and 18?
9
Let w = 1039 + -404. Suppose -1420 = -5*n + w. Let u = -264 + n. Calculate the highest common factor of 21 and u.
21
Suppose -k = 4, -4*k + 2*k = -p + 29. Calculate the highest common divisor of p and 42.
21
Suppose -3*f + 64 = -17. Let s(j) = j**2 - 6*j - 2. Let c be s(7). Suppose -c*a = 20, 4*x - 3*a - 113 = -29. What is the greatest common factor of x and f?
9
Suppose -4*a + 16 = -0. Suppose d + 8 = -4*t - a*d, 0 = -3*d. Let j be 12/6 - 10/t. Calculate the greatest common factor of 35 and j.
7
Let i = 6 + -4. Suppose 0 = 3*p - i*p - 10. Let n be 2/(-3) + 16/6. Calculate the greatest common factor of p and n.
2
Let k(p) = -p + 4. Let x be k(3). Let u = x + 31. Calculate the highest common factor of 48 and u.
16
Let r(d) = 4*d**2 - 3*d. Let a be r(2). Let f be ((-4)/3)/((-3)/45). Calculate the greatest common factor of a and f.
10
Suppose -g - 3*g + 32 = 0. Suppose 15*q - 56 = 14*q. Calculate the highest common divisor of q and g.
8
Let v be (-2)/(2*2/(-4)). Let h = 8 - v. Calculate the greatest common factor of h and 42.
6
Let b(m) = m**3 + 4*m**2 - m + 1. Let r be b(-3). Let f(i) = i**2 - 11*i - 15. Let s be f(r). Calculate the highest common factor of 11 and s.
11
Let h = -14 + 8. Let m be ((-30)/9)/(4/h). What is the highest common divisor of 25 and m?
5
Let q be ((-2120)/(-6))/(6/45). Suppose -2*y + 7*y + q = 0. Let u be (-10)/15 + y/(-3). Calculate the highest common divisor of 16 and u.
16
Let l be 2/(8/284) + -2. What is the highest common divisor of 23 and l?
23
Let b(m) = 5*m**3 - 6*m**2 - 13. Let r(f) = 4*f**3 - 6*f**2 - 12. Let d(k) = 5*b(k) - 6*r(k). Let y be d(-6). Calculate the greatest common divisor of 49 and y.
7
Let u be (-1130)/(-6) + 40/60. What is the greatest common factor of 21 and u?
21
Suppose 4*v = 5*n - 166, 42 = 3*n - v - 52. What is the greatest common divisor of n and 15?
15
Suppose -5*b + 841 = 3*m + m, -m + 5*b + 204 = 0. What is the greatest common divisor of 19 and m?
19
Suppose 3*g + 45 = 4*g. Calculate the highest common factor of 30 and g.
15
Suppose 4*w + 5*m = 58, -4*w - 2*m + 64 = -0*w. Calculate the greatest common divisor of 187 and w.
17
Let w(v) = 6*v - 88. Let y be w(23). Calculate the greatest common factor of 125 and y.
25
Let k = 1 + 19. Let j = 609 + -469. What is the greatest common factor of k and j?
20
Let j be (-38)/(-3) - (-1)/3. Let u(v) = -2*v**3 - 2*v**2 + v + 143. Let o be u(0). What is the greatest common factor of j and o?
13
Let d(f) = -f**3 - 6*f**2 - 6*f + 6. Let y be d(-5). What is the highest common divisor of y and 77?
11
Let h = -31 + 59. Let w be (-70)/21*6/10*-2. What is the highest common factor of h and w?
4
Let k(z) = z**3 - z**2 - z**2 - 3 + z**2. Let x be k(0). Let l be x/5 - (-38)/5. What is the highest common factor of l and 7?
7
Let a = -34 - -37. Suppose 2*o = 4*l + 44, 0 = -o - 0*l - 3*l + 27. What is the greatest common factor of a and o?
3
Let u = 17 - 12. Let b = 5 + -1. Suppose b*y - u = 19. Calculate the highest common factor of y and 6.
6
Let r(a) = -a + 3. Let g be r(-11). Let f = g + -5. What is the highest common factor of f and 45?
9
Let r(o) be the second derivative of 2*o**4/3 + o**3/6 + o**2/2 + o. Let u be r(2). Let q = -8 + 22. What is the greatest common divisor of u and q?
7
Let m be (-498)/(-10) - (-4 - (-133)/35). What is the greatest common divisor of m and 20?
10
Let d = 37 - 7. Let o be -4*-2*1*1. Let v = o + -5. What is the highest common factor of d and v?
3
Let j be 2/5 - 4/10. Suppose 4*v + 108 - 332 = j. Suppose -33 = -4*y + 23. What is the highest common divisor of v and y?
14
Let n = -1 + 0. Let a = n - -7. Let r be (-15)/4*(-112)/a. What is the greatest common factor of 14 and r?
14
Let r = 3 + 0. Let k be r - 3*2/(-3). Suppose -4*f + 2*w - k*w + 71 = 0, 0 = -2*f - 5*w + 53. Calculate the greatest common divisor of f and 112.
14
Suppose -k = j - 3*j - 42, 0 = 3*j - 12. Calculate the greatest common factor of 10 and k.
10
Let f(d) = 2*d**3 + d**2 - 3*d + 4. Let q be f(-3). Let i = q - -64. What is the highest common factor of i and 48?
16
Let v be (-1 - 3)*(-2)/2. Suppose -v*f = -18 - 318. Calculate the greatest common divisor of 12 and f.
12
Let j(g) = 2*g**2 + 15*g + 94. Let d be j(-7). Calculate the greatest common factor of 29 and d.
29
Let a = 7 - 2. Suppose -3*k + 152 = 5*f - 37, -a*f = -k - 177. Suppose 3*u - 32 = 5*m, 0*u - 36 = -4*u + 5*m. Calculate the greatest common divisor of f and u.
4
Let b(w) = w**2 - 8. Let d(p) = -p**2 + p + 9. Let g(q) = -4*b(q) - 3*d(q). Let x be g(-4). Calculate the highest common divisor of 11 and x.
1
Let f(r) = r**2 + 13*r + 10. Let d be f(-14). Calculate the highest common factor of d and 24.
24
Let o(q) = 4*q + 28. Let r be o(-3). Calculate the greatest common factor of 176 and r.
16
Suppose 4*z = 22 - 6. Calculate the greatest common factor of 6 and z.
2
Suppose -5*b + 3*m - 5*m + 548 = 0, -b + 124 = 4*m. Suppose 0 = -18*k + 16*k + 24. Calculate the highest common factor of k and b.
12
Suppose -3*i + i + 50 = 0. Calculate the highest common factor of 75 and i.
25
Let c = -83 + 103. Calculate the highest common divisor of 70 and c.
10
Suppose 5*k - 41 = 4. What is the greatest common divisor of 3 and k?
3
Let q(m) = -4*m - 3. Let l be q(-2). Calculate the highest common divisor of l and 145.
5
Let b be -18*(3 + (-21)/6). Calculate the greatest common divisor of b and 45.
9
Let m = 19 + 35. What is the greatest common factor of m and 27?
27
Suppose 2*o = 3*m - 0*o - 250, 2*m - 165 = 3*o. Calculate the highest common factor of m and 21.
21
Let q be (-5)/(-10) + (-27)/(-2). What is the greatest common divisor of q and 35?
7
Let x = 666 + -369. Calculate the highest common factor of 27 and x.
27
Let d be (-36)/(-15) + 2/(-5). Suppose d*m - m = 18. Let v be (-90)/4*(1 - 3). Calculate the greatest common divisor of v and m.
9
Suppose 57 = 2*k + 9. Calculate the highest common factor of k and 8.
8
Let n = -11 + 37. What is the highest common divisor of n and 91?
13
Let j = -110 - -170. Calculate the highest common divisor of 12 and j.
12
Let j(m) = -m**2 - 11*m + 19. Let t be j(0). What is the greatest common factor of t and 95?
19
Let g(k) be the first derivative of 39*k**2/2 - 2*k + 1. Let c be g(2). Suppose 5*u - c = 59. What is the greatest common divisor of 18 and u?
9
Let g = 77 - 32. Let h(b) = 2*b**2 + 3*b. Suppose -u - 15 = 4*u. Let q be h(u). What is the highest common divisor of g and q?
9
Let k = 7 + -5. Suppose -5*v = -3*o, o - v - k = -0*o. What is the highest common factor of o and 2?
1
Suppose -r + 796 = 793. Let i(m) = -m**2 + 3*m + 3. Let